 13*q - 22353 - 63720 = 0. Is q a composite number?
True
Let c be ((-4)/(-14))/(6*6/252). Is 194 - (c + 4 + -6) a prime number?
False
Suppose -3*w = 4*k - 27, -4*k - 16 = -4. Let o be 2/(-6) + 9424/48. Suppose -9*m = -w*m + o. Is m a composite number?
True
Suppose 0 = 4*n + 20, z - 1788 = 3*n - 462. Let m = 2198 - z. Is m a composite number?
False
Let t = -14 - -14. Suppose t = x - s - 87, -5*s - 108 = -x - 5. Is x a prime number?
True
Suppose 0 = 176*q - 166*q - 471610. Is q a composite number?
False
Is 10909450/444 - (-1)/6 a composite number?
False
Suppose 0 = b + 4*v + 4, 0 = 4*v - 0*v + 8. Suppose -2*j = k - 8, -2*k + 30 = -7*k + b*j. Is (-2 - k) + 369 - -2 composite?
True
Suppose -2*o - 96 = 16. Let y be (-288)/o + 1/(-7). Suppose -78 = -y*i + 17. Is i prime?
True
Suppose 0 = c - 263 - 117. Let t = 9 - 4. Suppose c - 1825 = -t*i. Is i a prime number?
False
Suppose -2*j = -4*u + 5309 - 2049, -2*u = -3*j - 1622. Is u a composite number?
True
Let b be (-1 - 1*-10)/(-1). Let n(c) = 12*c - 7*c**2 + 10 - 44*c**3 + 22*c**3 + 3 + 21*c**3. Is n(b) a composite number?
False
Suppose -13*p + 88929 + 7700 = 0. Is p prime?
True
Let p(h) = 8*h + 3721 - 10*h - 4*h**2 + 3*h**2 - h**2. Is p(0) a prime number?
False
Suppose 67059 = 20*a - 79301. Is a prime?
False
Suppose 2433 - 757 = 2*x. Suppose s - w = x, 14*s - 15*s + 4*w = -823. Is s prime?
False
Is -169255*(-13)/65*1 composite?
False
Suppose 278 + 52 = 2*l. Let t = -62 + l. Is t a composite number?
False
Let t(w) = -w**2 - 3*w + 4. Let p be t(0). Suppose 3*k = j + 3547, j - 3555 = -3*k + p*j. Is k prime?
True
Let u(q) = q**2 + 11*q - 13. Let w be u(-13). Suppose -7 = f - w. Suppose 2535 + 387 = f*z. Is z a composite number?
False
Suppose 3*j = k + 3550, 5550 - 825 = 4*j - 3*k. Suppose -6*t + 5*t = -250. Suppose 3*a = h - t, -5*h = -a - a - j. Is h a prime number?
False
Let z(g) = 292*g**2 + g + 358*g**2 + 38*g**2. Let r be z(-1). Is 1/5 - r/(-15) composite?
True
Let k be ((-942)/4)/(15/(-40)). Suppose k + 2304 = 4*z. Suppose 2074 - z = 3*x. Is x prime?
False
Let u be 1887/(-4) - ((-54)/(-24) + -2). Let s = 761 + u. Is s composite?
True
Let k be (-28)/(-6)*(-18)/(-21). Let y be 120/45*(-153)/k. Let r = 39 - y. Is r prime?
False
Let b(s) = -20*s**3 - 15*s**2 + 28*s + 43. Is b(-12) composite?
True
Suppose -5*k + 0*f = 3*f - 135426, 3*k = -3*f + 81252. Is k a prime number?
False
Suppose 14*z = -21*z + 2335865. Is z prime?
True
Let h be 1279/6 + (-4)/24. Let v = h - 124. Is v prime?
True
Let j be -1*2*(4 - 6). Suppose -j*t = -337 - 379. Is t composite?
False
Let v = 1 + 5. Let x(c) be the third derivative of c**5/12 + c**4/4 + 7*c**3/6 + 30*c**2. Is x(v) a composite number?
False
Suppose 0*z = 2*z + 2. Let p(m) = -446*m**3 - 1. Is p(z) a prime number?
False
Let a(c) = -19*c - 3. Let l be a(3). Suppose 0 = -4*z + 16, 5*m = -3*z - 301 - 942. Let r = l - m. Is r a prime number?
True
Let y be 66/10 + (-4)/(-10). Let a(i) = i**2 - 5*i - 3. Let f be a(y). Suppose -48 - f = -b. Is b prime?
True
Suppose y = -3*j + 268, j + 0*j = -5*y + 80. Let u be (j/(-3))/((-1)/2). Let v = 19 + u. Is v composite?
False
Let x(u) be the first derivative of u**4/4 + 19*u**3/3 - 4*u**2 + 7*u - 17. Is x(-12) composite?
True
Let v(g) = 12*g**3 + g**2 - 1. Let y be v(1). Let z = y + -12. Suppose -4*l + 110 = -z*t + 2*t, -2*t = -2*l - 110. Is t prime?
False
Let z be -12 - -11 - (-7526)/(-2). Let u be (z/6)/((-12)/18). Suppose -5*j - u = -3036. Is j prime?
True
Let q(k) = -k**3 + 15*k**2 + 33*k - 41. Is q(12) a composite number?
False
Suppose 5*t - t - 102 = -2*n, -5*n = 4*t - 99. Suppose -2*y + 146 = -t. Is y composite?
True
Let o(k) = 2*k - 11. Let g be o(9). Let i(y) = -3*y**3 - 2*y**2 + 2. Let h be i(g). Let c = -736 - h. Is c prime?
True
Suppose -5 = -8*f - 29. Is (-4)/f + 2/3 + 875 composite?
False
Let k(a) = a**3 + 17*a**2 - 39*a - 15. Let o be k(-19). Suppose o*q = 3*n + 1037, -3*n = -2*q - 2*n + 517. Is q a composite number?
False
Let a = 7 + -5. Suppose 0 = -5*o + 15, -808 = -3*d - a*o + 317. Is d a composite number?
False
Is 2082*(3 + (-40)/15) composite?
True
Let x = 149 + -152. Suppose o - 3*c + 12 = -c, 5 = c. Is x/(3/222*o) a prime number?
False
Let b(w) = 14*w**2 - w - 5. Suppose -1 + 9 = -2*z. Is b(z) composite?
False
Let j(v) = v**2 - v + 1. Let r be j(2). Suppose -r*m - 25 = 2*m. Is (-1555)/m - (5 + -1) a composite number?
False
Suppose 0 = 5*f + 3*x + 3 + 13, 4*x = 3*f - 2. Is 796 - (-2 - f) - 2 - -3 prime?
True
Is -1 + 1 + (-1042)/(-2) a composite number?
False
Let w(c) = c**2 - 1. Let i(p) = -290*p**3 - 2*p + 3. Let v(f) = -i(f) - 2*w(f). Is v(1) prime?
False
Suppose 15*x = 19*x - 4240. Suppose 210 = 5*v - x. Is v prime?
False
Let f(j) = 1172*j**2 - 41*j - 17. Is f(-4) a composite number?
False
Suppose 3*o - 4636 = 2*k + 2099, -o + 2*k + 2245 = 0. Is o a composite number?
True
Let v be (-18)/(-126) - 26/(-14). Let i(n) = n**3 - 3*n**2 + n - 3. Let y be i(3). Suppose 342 = d + j - v*j, y = -5*j - 25. Is d a composite number?
False
Suppose 0 = -0*w - w + 4. Suppose -2*s + 3*k = -3, w*s - 3*k = 3*s. Suppose -45 - 246 = -s*c. Is c composite?
False
Suppose -14 = 3*c - 38. Is 94*(-2)/(c/(-26)) prime?
False
Let g be 7 + -11 + (-2 - -7). Is 3/g + -3 + 3309 + -4 composite?
True
Let b(x) = 9 + 5 + 6 + 8*x - 18*x**2 - 1. Let n be b(-7). Let d = n - -1670. Is d prime?
True
Let i = -3774 + 16775. Is i a composite number?
False
Let w(p) = 31*p**3 - p**2 + 5*p - 1. Let t(j) = -j**2 + j + 4. Let c be t(2). Is w(c) a composite number?
True
Suppose 2*v - 4 = -2*b, b - 4*v = -v + 2. Let i be 2/(-6)*0 - b. Is (0 - 2)/(i/118) composite?
True
Let u(v) = 58*v**2 + 10*v - 11. Is u(3) prime?
True
Let z(d) = 5*d**2 - 10*d - 22. Let a be z(11). Let l = -1975 - -3012. Suppose -5*x - v + 556 = -a, 5*x + 3*v = l. Is x a composite number?
True
Let n(i) = 3*i**3 - 3*i**2 - 7*i - 10. Is n(4) a composite number?
True
Let l be 1/(4/4) + 3. Suppose 343 = 4*w + 4*h - 1, l*w - 5*h - 344 = 0. Is (w/4 - -3)*2 composite?
True
Let q(a) = a**3 + 19*a**2 - 13*a - 24. Let k(t) = 3*t + 14. Let j be k(-11). Is q(j) composite?
False
Suppose 2*m + t + 0*t - 61 = 0, -3*m - t = -90. Suppose 4*s - 5*p = -79 - m, 2*s - 5*p + 64 = 0. Let l = s + 281. Is l a prime number?
False
Let y be (-154)/(-33) - (-4)/3. Suppose -y*m = -4*m - 958. Is m prime?
True
Let a be ((-2)/(-4))/(11/3322). Suppose -a = -k - 24. Is k a composite number?
False
Let c(m) be the third derivative of 11*m**4/8 + 43*m**3/6 + 11*m**2. Is c(23) composite?
True
Let l be -10*(-4)/10 + 4149. Suppose 0 = -9*k + 4370 + l. Is k a prime number?
True
Let z(v) = -3*v + 29. Let h be z(-15). Suppose -7060 = -78*y + h*y. Is y a prime number?
False
Let u(h) = -85*h**3 - 7*h**2 - 5*h - 2. Is u(-5) a composite number?
True
Suppose -615 = -2*t - t. Suppose 0 = -h - 5*p + t + 5, 910 = 5*h - 3*p. Suppose 3*l - h = -2*l. Is l a composite number?
False
Let n = 63 - 65. Is (-31)/(22/(-10) - (n + 0)) prime?
False
Let r = 852 - 2183. Let d = r - -3092. Is d a prime number?
False
Let n be (10/(-25))/((-1)/(-10)). Is -2*n/(-36) + (-3359)/(-9) a prime number?
True
Let w(q) = 592*q**2 + 7*q + 20. Is w(7) a composite number?
False
Let y be (-588)/(-36) - (-2)/3. Let h(s) = s**3 + 19*s**2 + 8*s + 19. Is h(y) prime?
True
Let x(g) = 24*g**2 - 2*g - 1. Let h(y) = -72*y**2 + 6*y + 2. Let d(l) = -6*h(l) - 17*x(l). Is d(-4) a composite number?
False
Suppose -3*d + c + 0 = -14, d + 5*c - 10 = 0. Suppose -2*z + 2*k - d*k + 824 = 0, 2*k = -5*z + 2049. Is z composite?
False
Let s(i) = -2*i - 64. Let h be s(-32). Suppose h = -4*t + 22*t - 54306. Is t a composite number?
True
Let z(y) = 1737*y**3 - 16*y + 30. Is z(2) composite?
True
Let t = 20604 + -3085. Is t composite?
False
Let z(i) = i**2 - 18*i + 22. Let g be z(16). Let n = g - -14. Suppose -n*k + 1184 = -3*j + 423, -j - 572 = -3*k. Is k a composite number?
False
Suppose w + 0*i = i - 501, 2011 = -4*w - 3*i. Let a be (w*(-1)/(-1))/1. Let q = 825 + a. Is q composite?
True
Let j = 357 + -166. Let c = -120 + j. Is c a prime number?
True
Let y(v) = 5*v**2 - 9*v + 9. Let a(f) = -f**3 - 14*f**2 - 13*f + 6. Let c be a(-13). Suppose -c*d + d = -3*o - 8, 3*o + 4*d = 28. Is y(o) a prime number?
True
Let d = -40 - -62. Suppose d - 6 = 4*n. Suppose 5*w + 2*g = 1685, n*g - 31 = -2*w + 659. Is w 